 the highest common factor of 136 and 696?
8
What is the highest common factor of 57 and 19?
19
Calculate the greatest common factor of 12 and 1572.
12
Calculate the greatest common divisor of 70 and 370.
10
What is the highest common divisor of 342 and 1406?
38
What is the greatest common divisor of 42 and 366?
6
What is the greatest common divisor of 65 and 845?
65
What is the greatest common factor of 192 and 960?
192
Calculate the greatest common factor of 360 and 4815.
45
What is the highest common factor of 15 and 115?
5
Calculate the highest common factor of 440 and 605.
55
Calculate the highest common divisor of 40 and 620.
20
Calculate the highest common factor of 7 and 343.
7
Calculate the greatest common factor of 143 and 715.
143
What is the highest common factor of 16 and 80?
16
Calculate the highest common divisor of 56 and 140.
28
Calculate the highest common factor of 1535 and 40.
5
What is the greatest common factor of 703 and 2413?
19
Calculate the greatest common divisor of 130 and 8645.
65
What is the greatest common divisor of 126 and 336?
42
Calculate the greatest common factor of 459 and 85.
17
Calculate the greatest common factor of 210 and 690.
30
Calculate the highest common factor of 13783 and 77.
77
What is the greatest common divisor of 476 and 112?
28
Calculate the highest common divisor of 259 and 7.
7
Calculate the greatest common factor of 48 and 20112.
48
What is the highest common divisor of 34 and 2?
2
What is the highest common divisor of 3854 and 164?
82
What is the greatest common factor of 5270 and 186?
62
Calculate the greatest common factor of 210 and 1722.
42
What is the greatest common factor of 44 and 308?
44
Calculate the highest common divisor of 260 and 146120.
260
Calculate the greatest common factor of 20 and 1785.
5
What is the highest common factor of 48 and 72?
24
What is the greatest common divisor of 21 and 56?
7
Calculate the greatest common divisor of 2013 and 66.
33
What is the highest common divisor of 16 and 12?
4
Calculate the greatest common factor of 275 and 100.
25
Calculate the greatest common factor of 3894 and 236.
118
What is the highest common factor of 136 and 119?
17
What is the greatest common divisor of 192 and 138?
6
Calculate the greatest common factor of 43 and 817.
43
Calculate the greatest common divisor of 117 and 9.
9
Calculate the greatest common divisor of 1458 and 18.
18
Calculate the highest common divisor of 40 and 2500.
20
What is the greatest common divisor of 945 and 1323?
189
What is the greatest common factor of 9 and 31?
1
What is the highest common divisor of 48 and 192?
48
Calculate the greatest common factor of 138 and 345.
69
Calculate the highest common divisor of 9620 and 1040.
260
Calculate the highest common divisor of 133 and 168.
7
What is the greatest common factor of 692 and 4?
4
What is the highest common divisor of 874 and 114?
38
Calculate the greatest common divisor of 261 and 174.
87
What is the highest common factor of 22101 and 278?
139
Calculate the highest common divisor of 35 and 13720.
35
What is the greatest common divisor of 273 and 21?
21
Calculate the greatest common factor of 888 and 2812.
148
What is the greatest common factor of 575 and 3105?
115
Calculate the greatest common factor of 35 and 56.
7
Calculate the highest common divisor of 36 and 171.
9
Calculate the greatest common divisor of 3114 and 117.
9
What is the greatest common factor of 90 and 252?
18
What is the greatest common divisor of 1350 and 9?
9
What is the highest common factor of 2336 and 32?
32
Calculate the greatest common factor of 98 and 448.
14
What is the greatest common factor of 76 and 8?
4
What is the highest common factor of 135 and 170?
5
Calculate the highest common divisor of 13283 and 259.
37
Calculate the greatest common factor of 7 and 623.
7
What is the highest common factor of 20 and 25?
5
Calculate the greatest common divisor of 1364 and 31.
31
What is the highest common divisor of 3315 and 26?
13
What is the greatest common divisor of 2835 and 540?
135
What is the greatest common factor of 44 and 330?
22
Calculate the highest common divisor of 154 and 6292.
22
Calculate the greatest common factor of 44 and 20.
4
Calculate the highest common divisor of 100 and 1600.
100
What is the highest common factor of 744 and 200?
8
What is the highest common divisor of 285 and 475?
95
What is the highest common divisor of 22 and 4?
2
Calculate the greatest common factor of 22 and 7095.
11
Calculate the highest common divisor of 13 and 962.
13
What is the highest common factor of 40 and 580?
20
Calculate the highest common factor of 1772 and 4.
4
Calculate the highest common divisor of 10 and 4.
2
Calculate the greatest common factor of 35 and 7231.
7
What is the greatest common divisor of 48 and 72?
24
What is the greatest common divisor of 195 and 689?
13
What is the greatest common divisor of 2938 and 26?
26
Calculate the greatest common divisor of 255 and 30.
15
What is the greatest common factor of 8 and 3592?
8
What is the greatest common divisor of 897 and 78?
39
Calculate the highest common divisor of 1479 and 29.
29
What is the highest common divisor of 8526 and 4?
2
Calculate the greatest common factor of 210 and 175.
35
Calculate the highest common factor of 4655 and 95.
95
Calculate the greatest common divisor of 39 and 91.
13
Calculate the highest common factor of 274 and 4247.
137
Calculate the highest common factor of 27 and 243.
27
What is the highest common divisor of 24 and 3464?
8
Calculate the greatest common factor of 61 and 6283.
61
What is the highest common factor of 8 and 20?
4
Calculate the greatest common divisor of 64 and 512.
64
What is the greatest common factor of 1 and 5519?
1
What is the highest common divisor of 114 and 209?
19
Calculate the greatest common factor of 100 and 32.
4
What is the greatest common factor of 38 and 7524?
38
What is the highest common divisor of 3 and 9?
3
Calculate the greatest common divisor of 366 and 1159.
61
What is the highest common factor of 5 and 16?
1
What is the highest common factor of 2496 and 39?
39
Calculate the highest common divisor of 4402 and 426.
142
Calculate the greatest common divisor of 234 and 546.
78
Calculate the greatest common divisor of 36568 and 56.
56
What is the greatest common factor of 600 and 435?
15
What is the highest common divisor of 2 and 2314?
2
Calculate the highest common factor of 68740 and 140.
140
What is the highest common factor of 1 and 22?
1
What is the highest common divisor of 5928 and 12?
12
Calculate the highest common factor of 62 and 20057.
31
What is the highest common factor of 18 and 66?
6
Calculate the greatest common divisor of 9 and 10.
1
What is the greatest common factor of 247 and 299?
13
Calculate the greatest common divisor of 728 and 56.
56
Calculate the highest common divisor of 3069 and 93.
93
Calculate the greatest common factor of 319 and 203.
29
What is the highest common factor of 2208 and 69?
69
Calculate the highest common factor of 7409 and 31.
31
What is the greatest common divisor of 3051 and 1921?
113
What is the highest common divisor of 34 and 9554?
34
What is the highest common divisor of 16 and 9?
1
What is the highest common factor of 26 and 10543?
13
Calculate the highest common divisor of 1552 and 40.
8
What is the highest common factor of 300 and 210?
30
Calculate the highest common divisor of 21 and 112.
7
What is the greatest common divisor of 10 and 25?
5
Calculate the greatest common factor of 2379 and 78.
39
Calculate the highest common divisor of 77 and 308.
77
Calculate the greatest common divisor of 104 and 6656.
104
What is the highest common factor of 500 and 5?
5
What is the greatest common factor of 63 and 1449?
63
What is the highest common factor of 132 and 440?
44
Calculate the highest common factor of 390 and 30.
30
Calculate the greatest common factor of 66 and 2607.
33
Calculate the greatest common factor of 248 and 8.
8
What is the highest common divisor of 30 and 3?
3
What is the greatest common factor of 645 and 10?
5
What is the greatest common divisor of 784 and 32?
16
What is the greatest common divisor of 384 and 804?
12
What is the greatest common divisor of 16 and 28?
4
Ca